327 + -197. Suppose -x*d + 137*d - 203 = 0. What is the units digit of d?
9
What is the hundreds digit of 182885/95 - (-12)/(-114)?
9
Let i be -51*(-48)/81 - 10/45. Suppose -b - 26*j + 177 = -i*j, 5*j - 785 = -5*b. What is the units digit of b?
1
Suppose 25 = -5*p, 2*p + 10 = -5*b - 0. Suppose b = q + 3*q + 8, 5*q = 4*l - 802. What is the hundreds digit of l?
1
Let m be (10/(-20))/(-1*(-3)/(-66)). Let o(v) = v**3 - 9*v**2 - v + 2. Let g be o(m). Suppose n + 37 - g = 0. What is the units digit of n?
6
Suppose 3*w + j - 11 = -w, 5*w = 3*j + 35. Suppose 0 = i - t - 318, w*i = -i - 2*t + 1576. What is the units digit of i?
6
Let r = -2666 + 1810. Let d = -339 - r. What is the tens digit of d?
1
Let o be ((-15)/9)/5*-3. Let t(u) = -48*u + 37. Let c be t(4). What is the tens digit of (o + 1)*c/(-5)?
6
Let v(s) = -s**3 - s**2 - 3*s - 1. Let u be v(0). What is the hundreds digit of (-2 - -1) + 5 + (-178)/u?
1
Let w be (-2)/(-7) - 8520/(-70). Let m = 671 + w. What is the units digit of m?
3
Suppose 5*i = 3*p + 26234, -2110 = -2*i + 4*p + 8378. What is the units digit of i?
8
Let p = 485 - -37. Let j = p - 90. What is the units digit of j?
2
Let v(i) be the first derivative of 90*i**2 - 8*i + 41. Let w be ((-3)/((-18)/(-4)))/(6/(-9)). What is the hundreds digit of v(w)?
1
What is the thousands digit of 2562/11529 + (-278456)/(-18)?
5
Let a = -2224 + 3181. Let o = a + -361. What is the units digit of o?
6
Let x(f) = 651*f + 8904. What is the hundreds digit of x(107)?
5
Suppose z = 2*l + 19, -8*l + 3*l + 3*z = 50. What is the units digit of (-2 - l)/(2/274)?
5
Let v be (2 - (1 + 5)) + 8. Suppose 0 = -t - v*r + 5*r + 11, -t - 14 = 4*r. Suppose t*y - 95 = -5*k + y, 0 = -5*k - y + 111. What is the tens digit of k?
2
Let a(l) = -47*l**3 - 28*l**2 - 350*l + 26. What is the ten thousands digit of a(-10)?
4
Suppose 69513 = 5*l - 3*h, 2*h - 34525 = -4*l + 21103. Suppose l = 11*q + 4*q. What is the units digit of q?
7
Let m(x) = 18*x**2 + 22*x + 64. What is the tens digit of m(17)?
4
Let o be 3/(54/1058) - (-8)/36. Let w = o - 58. What is the tens digit of w*5*-6*(-2)/5?
1
Let z = 4338 + 3109. What is the units digit of z?
7
Suppose 0 = -13*m + 4*m - 36. Let l(s) = s**3 + 4*s**2 - 3*s - 9. Let y be l(m). What is the tens digit of 41/((6/y)/2)?
4
Let b(h) = h**3 + 31*h**2 - 27*h + 38. What is the tens digit of b(8)?
1
Suppose 6 = 2*g, -2*g + 66 = -v - 4*v. Let m = -10 - v. Suppose -a - a = -3*i - 126, -m*a = -2*i - 130. What is the tens digit of a?
6
Let q = -7309 + 12306. What is the tens digit of q?
9
What is the hundreds digit of ((-52005)/9)/((-190)/228)?
9
Suppose 9*s - 10*s = -75. Let t = 86 + s. What is the units digit of t?
1
Let s be (-4)/8*8 + 2 + 3. Let r be s*(2 + 3 - 4). Suppose r = -4*t + 9. What is the units digit of t?
2
What is the units digit of 7861 + (-2)/(-8)*(3 + 7 + -6)?
2
Suppose 1086 - 129 = 3*h. Let i = h + -196. Suppose -u + 0*u = 5*f - i, 0 = -5*u - 3*f + 571. What is the tens digit of u?
1
Suppose -3*b + 18 - 6 = 0. Suppose -15 = 4*f + l, -5*f - 17 = -b*l + 7. What is the hundreds digit of (173/(-3))/(f/(10 + 2))?
1
Let y = 5530 - 2115. What is the hundreds digit of y?
4
Suppose 4*v + p - 27415 = 0, -3*v + p + 28968 - 8412 = 0. What is the hundreds digit of v?
8
Let o be (-6)/(-5) + (-20)/(-25). What is the tens digit of -5 + o - -2 - -107?
0
Suppose -5*m - 8321 = -5*k - 2571, 4*k - 4610 = 2*m. What is the units digit of k?
5
Let o(a) = 32*a + 14. Let g be o(-1). Let y(m) = -18*m - 134. What is the hundreds digit of y(g)?
1
Let z(m) = 72*m**2 + 102*m + 293. What is the hundreds digit of z(-3)?
6
Suppose 4*y + 2*v = 131352, -5*v = 69*y - 68*y - 32811. What is the tens digit of y?
4
Let y(g) = 2*g**2 - 18*g + 90. What is the hundreds digit of y(42)?
8
Suppose -5*u - 20 = 75. Let g be u/4 + (-18)/(-24). What is the units digit of g/56*4 - 1418/(-14)?
1
Let u = -12246 - -31499. What is the ten thousands digit of u?
1
Suppose -4*r = -0*r - 44. Let h(n) = -3*n + 31. Let k be h(r). Let z(y) = -55*y. What is the hundreds digit of z(k)?
1
Let n be -4 - -4 - (11 + -5). What is the units digit of 20/15*-3 - n?
2
Suppose 32*n - 31*n - 3 = 0. Suppose 5*j - 8*j + n*i + 1983 = 0, -2*i - 6 = 0. What is the units digit of j?
8
Let i = -304 + 482. Let d = i - 161. What is the tens digit of d?
1
Let x(t) = 292*t**2 - 179*t - 1505. What is the tens digit of x(-8)?
1
Let y(q) = 10*q**2 - 49*q + 1550. What is the units digit of y(25)?
5
Suppose -58*g + 54*g + 169425 = 3*t, -t = -g - 56489. What is the units digit of t?
3
Suppose -u + 297 = 2*f - 95, -3*f = 4*u - 578. Let h = 284 + f. What is the hundreds digit of h?
4
Let w be 3270/(-10) + 6 - 6/2. Let x = w - -605. What is the hundreds digit of x?
2
Let p = -28508 - -65802. Suppose 18*l + p = 47*l. What is the units digit of l?
6
Let j(h) = -43 - 5*h**2 - 3*h - 7*h - 12*h**2 - 4*h**3 + h**2. What is the tens digit of j(-9)?
6
Suppose 28*a - 125 = 239. Suppose -16*p + a*p - 1843 = -4*v, -3*v - p = -1379. What is the tens digit of v?
6
Suppose 0 = 799*c - 699*c - 389700. What is the hundreds digit of c?
8
Suppose 0 = 3*i - 6*i + 4296. Suppose 4*s = -2*t + 1438, 3*t + t + i = 4*s. What is the tens digit of s?
5
Let r = 69 - 53. Suppose 14*c = 15*c - r. Let t(d) = -d**3 + 15*d**2 + 20*d - 2. What is the units digit of t(c)?
2
Let p be -1 - -4 - (0 + -1). Let w(q) = q**2 - 7*q + 9. Let l be w(p). Let a(n) = 10*n**2 + 8*n + 7. What is the tens digit of a(l)?
7
Let p(c) = 104*c**2 - 63*c - 19. What is the hundreds digit of p(-5)?
8
Suppose -3*v + 4422 = 4*s, 3*s = 3*v + v + 3329. Let x(y) = 1 - 3*y + 1290*y**3 + y - s*y**3. What is the units digit of x(1)?
2
Let a = 78 - 69. Let f be -2*3/6 - -425. Suppose x - a*x + f = 0. What is the tens digit of x?
5
Suppose -7*r + 7 = 5*i - 3*r, -2*i - 5*r = 4. Let b = i + 1. What is the units digit of 3184/72 - b/18?
4
Suppose z = o + 28, 4*z - o - 72 = 31. Suppose -8 = 4*d, -2*s - 22*d = -z*d - 3354. What is the units digit of s?
4
Let l(m) be the third derivative of 5*m**5/12 + m**4/12 - m**3/6 - m**2. Suppose 4*c = 2*g + 8, -2*c + 2*g = 10 - 16. What is the units digit of l(c)?
6
Let x(o) = -o**3 - 14*o**2 - 2*o + 7. Let q(j) = -5*j - 21 + 3 + 6*j - 8. Let k be q(11). What is the tens digit of x(k)?
6
What is the tens digit of 94185/21 - (2 - -15)?
6
Let q(k) = -k**3 + 88*k**2 - 34*k + 253. What is the hundreds digit of q(87)?
8
Let b = -25190 - -42627. What is the tens digit of b?
3
Let k(v) = -v**3 + 3*v**2 - 11*v. Let i be k(4). What is the units digit of i/((-10)/45 - 3/(-378))?
0
Let m be (-12)/(-2) + 4*(-2)/4. Suppose -3*s + 3 = -o - 2*s, 7 = -m*o + 5*s. What is the units digit of (20/o - -1)*160/(-3)?
0
Let t(n) = n**2 - 21*n - 52. Let s be t(25). What is the units digit of 9/(-24) + 3186/s?
6
Suppose 19306 - 4154 = 16*p. Suppose -n = -5*c + 4719, 2*c = c + n + p. What is the tens digit of c?
4
Let n(k) = -k**2 + 7*k - 64. Let g be n(38). Let d = 2086 + g. What is the units digit of d?
4
Suppose -3*b + x = -2799 - 2016, -4*x - 3210 = -2*b. Suppose 39*l = 36*l + b. What is the units digit of l?
5
What is the units digit of 11169/(11*(-18)/(-594))?
7
Let f(d) = -3*d + 10. Let b be f(2). Let g be 9/((-162)/2724)*(-6)/b. Suppose 2*m - 3*y - 318 - 136 = 0, g = m - 2*y. What is the hundreds digit of m?
2
Let t be -2*4/2*(-1 - 0). Suppose t*m = 271 + 113. Suppose 6*v - 3*v - 6 = 0, -h = 2*v - m. What is the tens digit of h?
9
Let w(b) = 4*b**2 - 3*b + 214. Suppose 17 = -156*z + 157*z. What is the tens digit of w(z)?
1
Let u(q) = 701*q + 2649. What is the ten thousands digit of u(37)?
2
Suppose 9*z = 3732 + 15222. What is the tens digit of 1/((20/z)/10)?
5
Let t = -82 - -86. Suppose t = 2*c - 4, -4*h = 5*c - 1420. What is the units digit of h?
0
Suppose -19918 = 55*n + 47*n + 4256. Let h = -1153 - -805. Let g = n - h. What is the hundreds digit of g?
1
Let v = -181 - -199. What is the tens digit of (-3151)/(-5) - v/90?
3
Let f(i) = 49 - 32*i**2 - 3*i - 3*i**2 + 37*i**2. What is the units digit of f(-9)?
8
Suppose -12*m + 101 = -391. Suppose -36*j - 1630 = -m*j. What is the tens digit of j?
2
Let y be (-9)/(-6)*98/21. Suppose -w - y*w = -2776. What is the tens digit of w?
4
Suppose -7*t = -4*t + 15, 3*b - 10 = 2*t. Suppose -2*l - n + 1 = b, 0 = -4*l + 4*n - n + 27. What